*x - 48. Suppose 0 = -16*t + x*t - 388. What is the tens digit of t?
9
Let x = -649 - -756. What is the tens digit of x?
0
Suppose -2*f - 538 = -1500. Suppose 3*p = 149 + f. What is the units digit of p?
0
Suppose 35*l - 51*l + 15040 = 0. What is the hundreds digit of l?
9
Let a(i) = 10*i**2 + 3*i + 27. What is the thousands digit of a(-13)?
1
What is the tens digit of 36/(-42) + (-35610)/(-42)?
4
Suppose -14*y + 3786 = -8*y. What is the tens digit of y?
3
Let x(d) = -8*d**2 - d. Let l be x(1). What is the units digit of 3/(l/12) + 8?
4
Suppose -3*n - 3*z - 52 = 8, 2*z = -10. Let j be (-2 - -1)/1 - -49. Let t = n + j. What is the tens digit of t?
3
Let z(n) = 111*n**2 + 13*n + 5. Let i be z(-4). Suppose 0 = 15*l - 2*l - i. What is the tens digit of l?
3
What is the units digit of (-33 - 3341)/((-2*2)/2)?
7
Suppose 95*s - 67*s - 24836 = 0. What is the hundreds digit of s?
8
Let m(n) = -n**2 - 22*n. Let p be m(-22). What is the units digit of (p - -36) + 6/(-2)?
3
Let l = 172 + -115. Let v = 31 - l. Let d = -10 - v. What is the tens digit of d?
1
Suppose 0 = -3*y - 3*o + 2427, 5*y - 1615 = 3*y - 5*o. Suppose -3*b + 5*l + y = 0, -2093 + 743 = -5*b + 2*l. What is the tens digit of b?
7
Suppose -7*i + 3*i - 7 = -5*c, 18 = 4*c + 3*i. Let p(g) = g**3 - 2*g**2 - 4*g. Let a be p(c). What is the tens digit of (6 - 0) + a - -12?
1
Let g(f) = 142*f + 169. What is the thousands digit of g(6)?
1
Suppose -4*f - 5*z = -18, 2*f - 4*z + 0*z + 4 = 0. Let h(t) = t**2 + 5*t + 5. Let n be h(-4). What is the tens digit of f/(n - (-27)/(-33))?
1
Suppose 5799 - 2125 = 11*v. What is the tens digit of v?
3
Let g = 16 + -14. Let p(b) = 4*b**2 - 2*b**g - 5 - 5*b + b**2 - b**2. What is the units digit of p(-3)?
8
Suppose 12 = -3*o, 3*n - 5*o - 7112 = -n. What is the tens digit of n?
7
Let h(z) = -z**3 - 9*z**2 - 3*z - 10. Let l be h(-10). Suppose 9*u = 4*u + l. What is the tens digit of u?
2
Suppose -5*l - 84 = -304. Let n = l + -23. What is the units digit of n?
1
Let p = -1669 - -2800. What is the units digit of p?
1
Let i = -16 - -17. Let j be i/(-2) - (-99)/(-2). Let b = j - -71. What is the tens digit of b?
2
Let b = 165 - 80. Let t = -57 + b. What is the tens digit of t?
2
Let x(c) be the second derivative of c**4/6 + c**3/6 + 6*c. Let l(i) = i - 1. Let y be l(4). What is the tens digit of x(y)?
2
Suppose -648 = -2*w - 3*u + 153, 0 = -u + 3. Let i = w - 212. What is the hundreds digit of i?
1
Let b(p) = 11*p - 1. Let y be b(5). Suppose 2*k = 2 - y. Let n = -5 - k. What is the units digit of n?
1
Let o = 53 + -41. Suppose -o*x - 3*x + 750 = 0. What is the units digit of x?
0
Let o(t) = 7*t**2 - 13*t - 66. What is the tens digit of o(-8)?
8
Let i(h) = h + 9. Let p be i(-4). What is the tens digit of (-15)/p - 530/(-5)?
0
Suppose -q - 3914 = -g, -g - 4*q = -2035 - 1859. What is the thousands digit of g?
3
Let v(h) = -h**2 - 10*h - 13. Let g be 55/(-6) + 8/48. Let n be v(g). What is the tens digit of (-9)/(n/(20 + 4))?
5
Suppose -2*m - 12 = m. Let l be 6 - m/(-8)*4. Suppose -3*b + 160 = 5*w, 0*w - l*w + 101 = -3*b. What is the tens digit of w?
2
Let h = 33 + -29. Suppose 0 = h*m - 3*i - 161, 2*m + 2*i - 4*i - 78 = 0. What is the tens digit of m?
4
Let g(y) = 8*y**3 + 2*y**2 - 4*y - 5. Let x = 23 + -19. Let q(t) = -9*t**3 - 3*t**2 + 5*t + 6. Let a(w) = x*g(w) + 3*q(w). What is the units digit of a(2)?
2
Suppose -1738 = -3*s + 902. Suppose 11*q - s = 6*q. What is the tens digit of q?
7
Suppose -v = a - 4, 0 = 2*a - 4*v + 4 - 0. What is the tens digit of -1*((a - -1) + 0) + 56?
5
What is the units digit of 1*7*8457/21?
9
Let v(a) = 1085*a**2 + 2*a. What is the tens digit of v(-2)?
3
Suppose 4*r + 26 = -2*d, 0*d - 3*r = d + 17. Let b be d*((-48)/15 - -2). Let y(m) = 2*m**2 - 2*m + 4. What is the units digit of y(b)?
4
Suppose -5*g + 0*g - 3*y = -2483, 4*g + 5*y = 1989. What is the hundreds digit of g?
4
Let g(j) = 5*j**2 - 8*j + 47. What is the hundreds digit of g(12)?
6
Suppose 4*w + 42 = -3*w. Let n = w - -31. What is the tens digit of n?
2
Suppose w = 2*m - w - 2118, -25 = 5*w. What is the tens digit of m?
5
Let f(t) = -t**3 + 14*t**2 + 14*t + 12. Let v be f(15). What is the units digit of v*(348/(-9) + 0)?
6
Let t = -50 + 250. Suppose -4*x + t - 32 = 0. What is the units digit of x?
2
Suppose -3*y = 2*f - 3033, 3*y + 5 = -2*y. What is the thousands digit of f?
1
Let m = 0 - -3. Suppose n - 2*j = 2, -2*j = -n + j + m. Suppose 0 = -2*w + 2*i + 16, 4*i + 20 = 3*w - n*i. What is the tens digit of w?
1
Let w(f) = -2*f + 90. Let t be w(0). Suppose 0 = -6*b + 7*b - t. What is the units digit of b?
0
Suppose 182*h - 2460 = 178*h. What is the units digit of h?
5
Let x = 173 - 99. Let b = -23 + x. Let f = b - 16. What is the units digit of f?
5
Let i(k) = 39*k**2 - 8*k + 4. What is the hundreds digit of i(-3)?
3
Let y(q) be the first derivative of 15*q**3 - q**2/2 - 7. What is the tens digit of y(-1)?
4
What is the tens digit of -4 - (-25192)/12 - (-2)/3?
9
Let f = 143 + -78. Suppose 5*j - f = 335. What is the units digit of j?
0
Suppose -3*h - 3*n + 5991 = 0, -3*h - 4009 = -5*h - 5*n. What is the hundreds digit of 6/15 - 1/((-20)/h)?
1
Suppose 4*q + 4 = 0, 6*b - 5*b + 4*q = 38. Let a = 27 + b. What is the units digit of a?
9
Suppose 3*g + 5*a - 158 = -0*g, -4*a = -2*g + 142. Suppose -2*q + g = -3*z, -3*q = -4*z + 40 - 131. What is the tens digit of q?
2
Let m be -1 - (-1 - -9) - 23. Suppose -3*z + 0*z - 2*j = 56, -2*z - 5*j = 41. Let a = z - m. What is the units digit of a?
4
Let h(d) = 0*d + 0*d**2 - d + d**2 + 73. Let x be h(0). Let o = -50 + x. What is the units digit of o?
3
Let x(g) = -g**2 - 8*g - 1. Let c be x(-7). Suppose -c*s + 137 = -259. What is the units digit of s?
6
Suppose 0 = -2*r - 3*v + 53, 3*r = -3*v + 6*v + 42. Suppose r*s + 770 = 24*s. What is the tens digit of s?
5
Let c = -23 + 382. What is the tens digit of c?
5
Let l(v) = -v - 28. Let d be l(-16). Let n = 30 - d. What is the units digit of n?
2
Let l = 3777 + -975. What is the hundreds digit of l?
8
Let o(s) = 17*s - 33. Let i(m) = -35*m + 67. Let y(t) = 6*i(t) + 13*o(t). What is the units digit of y(7)?
0
Suppose 14*h + 7705 = 24939. What is the tens digit of h?
3
Suppose h = 2 + 1, -5*h = 3*a - 27. Suppose -a*m - 3 = -11. What is the units digit of m?
2
Suppose 9*q - 525 = 8*q. What is the units digit of q?
5
Let j = 15 - 1. Let g = j + -18. What is the units digit of (-18)/15*70/g?
1
Let c(r) = -r - 1. Let k(g) = -29*g - 18. Let y(d) = -6*c(d) + k(d). What is the units digit of y(-7)?
9
Let f = 45 + -30. Let h be 2/(6/f - 0). Let g(p) = -p + 10. What is the units digit of g(h)?
5
Suppose -4*p = 0, -2*s - 4*p + 48 = -2*p. Suppose -s = -l + 111. What is the tens digit of l?
3
Suppose 0 = 28*b + 31 - 563. Suppose 5*f + 0*f - 220 = 0. Suppose a - 5*i - b = 0, -a - 3*a + 4*i = -f. What is the units digit of a?
9
Suppose 2*z + 0*z = -2*c - 536, 0 = z - 4. Let k = -50 - c. What is the units digit of (k/12)/(2/4)?
7
Let r(p) = 83*p + 1017. What is the hundreds digit of r(7)?
5
Suppose -3*b + b + 4 = 0. What is the units digit of ((-55)/15)/(b/(-6))?
1
Suppose n + 5*g = 5*n + 15, -3*g = n - 9. Let v(r) = 16 + 2*r - r + 2*r**3 - 3*r**3. What is the units digit of v(n)?
6
Let u(t) = 3*t - 13. Let r(z) = 8*z - 38. Let c(l) = -4*r(l) + 11*u(l). What is the units digit of c(-6)?
3
Let q(m) = -m**3 - 6*m**2 + 11*m + 6. Let i be q(-7). What is the units digit of -13 - i - (-1 + 0)?
0
What is the units digit of 4/6 + (-215628)/(-153)?
0
Let k = 35 + -32. Suppose 0*a = -k*a - q + 573, 0 = -2*a + 3*q + 371. What is the tens digit of a?
9
Let w = 264 - 163. What is the units digit of w?
1
Let p = -95 + 103. What is the tens digit of (3 - p) + (-229)/(-1)?
2
Suppose -5*r + 13113 - 4556 = -y, -4*r = -5*y - 6833. What is the hundreds digit of r?
7
Suppose x - 4*x = -3*n + 891, -599 = -2*n - 3*x. What is the tens digit of n?
9
Let u(p) = 2*p**2 + 3*p - 1. Let j = -14 + 15. Let x be u(j). What is the units digit of x + 10/2 + -1?
8
What is the tens digit of 478/16 - (-2 - (-45)/24)?
3
What is the units digit of 56/(-70) + 106*383/10?
9
Let f(r) = -r + 6. Let n be f(6). Let u(w) = w - 3. Let q be u(n). What is the units digit of (-2)/(-3 + (-8)/q)?
6
Let o = -19 + 26. Suppose c = 3*y - 279, 4*y + o*c = 2*c + 353. Let w = y